. Let l(m) = -12*m**3 + 9*m**2 + 8*m - 13. Let h(d) = -17*d**3 + 13*d**2 + 12*d - 19. Let q(y) = 5*h(y) - 7*l(y). What is q(j)?
-1
Let i(u) be the second derivative of -u**3 + 45*u**2/2 + 4*u + 4. Give i(7).
3
Let d = 75 + -77. Let w be d/1 - 3 - -4. Let q(b) = 4*b + 1. Determine q(w).
-3
Let g(x) = 2*x**2 - 5*x + 3. Suppose 5*h + 40 = 15*h. Give g(h).
15
Suppose -8*g - 203 = -3. Let m = g + 30. Let k(w) = -w**2 + 5*w - 2. What is k(m)?
-2
Let c(k) = 3*k - 2 + 3*k - 7*k**2 + 2*k + k**2 + k**3 - k. Suppose -4 = -3*o + 11. Calculate c(o).
8
Suppose -2*p + t - 6 = 0, p = -3*t + 16 - 5. Let j be (2 - 1)*5/p. Let n(u) = -11*u - 10*u + 30*u - 10*u + 5. Give n(j).
10
Suppose r - 2*a - 12 = 0, 3*a + 1 = -2*r + 18. Let h(l) = -l**2 + 11*l - 11. What is h(r)?
-1
Let n be 3 + (-1 - -2 - 2). Suppose -3 = -5*l + n*l. Let v be (-37)/6 + l/6. Let m(k) = -k + 1. Determine m(v).
7
Let d(w) = 7*w + 2*w**2 + w + 4 - 5*w**2. Let j(i) = -5*i**2 + 12*i + 6. Let q(a) = 8*d(a) - 5*j(a). Suppose -h - 13 = -t + 5*t, -3*h - 5*t = 25. Give q(h).
7
Let q = 115 - 127. Let a(x) = -x**2 - 11*x + 10. What is a(q)?
-2
Let t(y) = -y**3 + y**2 + 2*y - 1. Let h be t(-2). Let d = 12 - h. Let q(k) = -2*k + 2 - 1 - 2*k + d*k. Give q(3).
4
Let y(r) be the first derivative of r**3/3 + 3*r**2 + 5*r + 1. Let n be y(-5). Let m(z) = 5*z + 12*z**3 - 11*z**3 - 8*z + 4*z + 5. Give m(n).
5
Let j(h) = -2*h**3 + 2*h**2 + h - 1. Let x be j(-1). Let f(w) = 3*w**x - 3*w - 4*w**2 - 6*w - 1. Determine f(-8).
7
Let v be 8/(0/1 - 1). Let n(p) be the first derivative of p**2 + 11*p + 10. Calculate n(v).
-5
Let a(s) = 59*s + 93. Let y(c) = 27*c + 43. Let p(x) = 6*a(x) - 13*y(x). Suppose 4*b + 2 = 10. Give p(b).
5
Let u = -83 - -93. Suppose -5*x = 2*n - u, -4*x - n + 1 + 4 = 0. Let d(k) = -k**3 - k**2 + k + 9. Give d(x).
9
Let a(n) = -2*n + 8. Suppose 2*l - 4*l + j = -194, 2*j - 87 = -l. Let c = -101 + l. Calculate a(c).
20
Suppose -165 = -6*s + s. Suppose 3*p - s = 5*k + 12, -4*p + 20 = 0. Let c be 10/12 + (-1)/k. Let b(f) = 6*f**2 - 1. Give b(c).
5
Let v(j) = -2*j + 6. Let c be 7/(-9) - -1 - 455/63. Determine v(c).
20
Let m(q) = 2*q**3 - 11*q**2 + 17*q - 58. Let f be m(5). Let l(y) be the third derivative of 0*y**3 - 1/12*y**4 + 0 + 0*y - f*y**2. Give l(2).
-4
Let x(z) = 2*z - 2. Let g be x(3). Let l(w) = -5*w - w**2 + 4 + g*w + 2*w - w**2. Suppose 2*h + d = 1, -5*d = -0*h - 3*h + 34. Calculate l(h).
-11
Let z(f) = f**2 - f**2 - 14 - f**2 + f + 13. Calculate z(0).
-1
Let w = 14 + -12. Suppose z + m - 32 = -w*m, z = m + 16. Suppose -2*j - z = -6. Let n(t) = t**3 + 8*t**2 + 8*t - 2. Give n(j).
-9
Let t(x) = -x**2 + 4. Let p be 6/4 - 3/(-2). Suppose 0 = -2*o + 6, p*n = -5*o + 16 - 1. What is t(n)?
4
Let u = -7 + 14. Let r(z) = -u*z**2 + 11*z**2 - 3*z - 7*z**2 - 4. Let m(t) = -2*t**2 - 3*t - 4. Let f(s) = 4*m(s) - 3*r(s). Give f(5).
6
Suppose 2*w - 12 = 4*c, -3*c - 7 + 1 = 0. Let v(p) be the third derivative of -p**5/60 - p**4/24 + p**3/6 + 2*p**2. What is v(w)?
-5
Let u = 8 - 11. Let y(x) be the second derivative of 0 - 7*x - x**2 + 1/12*x**4 + 1/6*x**3. What is y(u)?
4
Suppose 4*n = -7 + 11. Suppose -17 - n = -3*a. Let c(p) = p**2 - 6*p + 8. Calculate c(a).
8
Let r(g) = 11*g**2 + 5*g - 14. Let k(z) = -31*z**2 - 16*z + 42. Let h(p) = -6*k(p) - 17*r(p). Give h(11).
-14
Let w(c) = 8. Let l(z) = z + 6. Let s(g) = -5*l(g) + 4*w(g). Calculate s(-5).
27
Let c(l) = -l**3 + 6*l**2 - 5*l + 4. Let m(t) = -6*t - 18. Let i be m(-4). Suppose -9 = -3*k + i. What is c(k)?
4
Let o(r) = r**3 - 8*r**2 - 8*r - 4. Let h(w) = -w**2 + 2*w + 5. Let q be h(0). Suppose -q*x + 30 + 15 = 0. Let a be o(x). Let t(z) = -2*z. Determine t(a).
-10
Let g(c) = c**3 - 4*c**2 + c. Let h = -611 - -615. Determine g(h).
4
Let p(u) = -68*u**2 + u - 15. Let a(b) = 67*b**2 - b + 12. Let l(k) = 5*a(k) + 4*p(k). Calculate l(-1).
64
Let r(b) = -3*b**2 + b. Let f(m) be the third derivative of m**5/15 + m**3/6 - 16*m**2. Let i(s) = -2*f(s) - 3*r(s). Give i(4).
2
Suppose 0 = -2*p, -5*b - 5 = -3*p + 6*p. Let f be (60/14)/b + 16/56. Let u(d) be the second derivative of -d**4/12 - d**3 - 5*d**2/2 - d. What is u(f)?
3
Let p(m) be the second derivative of m**5/60 + m**4/8 - m**3/6 - m**2/2 - 3*m - 15. Let y(u) be the first derivative of p(u). Determine y(-3).
-1
Let s(h) = h**2 + 9*h - 12. Let l(x) = 2*x**2 + 17*x - 23. Let n(c) = 4*l(c) - 7*s(c). Let p(a) = -a**2 + 12*a + 78. Let m be p(17). Determine n(m).
6
Let i(w) = -w - 1. Let d be ((-96)/(-60))/(1*2/5). Let c be d/10 + 8/(-20). Determine i(c).
-1
Let u(f) = -3*f**3 + 3*f**2 - 11*f - 3. Let v(i) = 5*i**3 - 6*i**2 + 20*i + 6. Let c(w) = -7*u(w) - 4*v(w). Give c(-4).
-7
Let h be 2/((-3)/9 + 1). Suppose l + 14 = 5*j, -h*j = 3*l - 6 - 6. Let n(z) = -z**j + 3*z - 2*z - 3 + 0*z**2 + 2*z - z**2. Determine n(-3).
6
Let b be -5 + -1 + 22 - 1/1. Let x be 12/(-15)*b/6. Let z(r) = -r**3 - 3*r**2 - r + 2. What is z(x)?
0
Let m(z) = -32*z**2 - 6*z - 5. Let s(c) = -c - 1. Let l(f) = m(f) - 4*s(f). Determine l(-1).
-31
Let b = 11 + -5. Let c(v) = -b*v + 0 - 6 + v**2 + 2. Let f(g) = -g + 14. Let h be f(8). Determine c(h).
-4
Let n(t) = 1 + 2*t**2 + 2*t**2 - t**2 - 2*t**2. Let p be (-5)/3 - (-48)/(-36). Give n(p).
10
Let m(v) = -24*v - 38. Let p be m(-2). Let i(u) = u**2 - 7*u - 12. Determine i(p).
18
Let u(n) = 20*n + 8. Let j(o) = 16*o + 7. Let v(z) = -7*j(z) + 6*u(z). Let d be (-3)/(-12) + (-21)/(-12). Calculate v(d).
15
Suppose -2*m + 5*m = -4*r + 20, 4*m = -3*r + 15. Let i(u) be the third derivative of -8*u**2 + 1/3*u**3 + m*u - 1/24*u**4 + 0. What is i(-5)?
7
Let s(x) = -44*x - 50. Let g be s(-1). Let h(y) = 5*y + 29. Give h(g).
-1
Let i(z) = -z**3 - 10*z**2 - 9*z + 7. Let d = -500 - -491. Give i(d).
7
Let o(g) = -g - 1. Let y be (1/3 - 0)*0. Suppose -15 = -y*z - 5*z + 5*p, 0 = -p - 3. Give o(z).
-1
Let l(x) = -2*x + 3*x - 3 + 9*x - 12*x + 5*x. Let v(t) = t**3 + 7*t**2 - t - 4. Let r(c) = -6*c**2 - 2*c + 1. Let s be r(1). Let u be v(s). Give l(u).
6
Let v(w) = w**3 + 6*w**2 + 3*w + 1. Let k be 104/(-18) + 92/(-9) + 10. What is v(k)?
-17
Let v(h) = h**3 + 9*h**2 + 8*h - 7. Let y be v(-8). Let x(g) = -3*g - 5. Calculate x(y).
16
Let x(o) = 12*o + 5. Suppose -69*s = -52*s - 51. Calculate x(s).
41
Suppose 3*w = 4*x - 14, -x - 7 = 4*w - 4*x. Let n(c) = -w*c**2 + 11*c - 9*c - 4*c**2 + 5*c**2. Determine n(-3).
-15
Let g(q) = -7 - 5*q + 8*q - 2*q + 15. What is g(-15)?
-7
Let b(z) = -2 + 7*z**2 + 30*z**3 + 0 + 0 - 3 - 29*z**3. What is b(-7)?
-5
Let u(j) be the first derivative of -j**2/2 - 7*j - 1. Let b(s) = 2*s + 13. Suppose 44 = 4*r + 24. Let y(x) = r*u(x) + 2*b(x). Determine y(0).
-9
Suppose 0 = 5*j + 2*x - 8, -j + 2*x + 2*x = -6. Let t(p) = -9*p**2 + p + 0 - p**j + 1 + 7*p**2. Calculate t(2).
-9
Let s(h) = -h**2 - 222*h - 4 + 2 + 228*h. Let q be 1 - ((-5 - -2) + 4). Let v = 6 - q. What is s(v)?
-2
Let o(c) = -4*c**2 + 10*c - 6 - 3*c**2 + 9*c**2 - c**2. Give o(-10).
-6
Let y(w) = -w**3 + w**2 - 7*w - 1. Let d(l) = -5*l**3 + 11*l**2 - 44*l + 9. Let k(x) = d(x) - 6*y(x). What is k(-6)?
-9
Let i = -2 - -4. Let f(l) = l**3 + 2 + 7*l**i + 0*l**2 - 3*l**2. Let n = -268 + 264. Give f(n).
2
Let u(c) be the second derivative of -c**3/6 - 4*c**2 + 2*c. Let y = -368 + 363. Give u(y).
-3
Let k(g) be the first derivative of g**3/3 + g**2/2 - 2*g - 4106. Let d be ((-1)/(-1))/(2/(-6)). Calculate k(d).
4
Let v(x) be the second derivative of 1/3*x**4 + 1/20*x**5 - 2*x + 1/2*x**3 + 5/2*x**2 + 0. Give v(-4).
-7
Let o(t) = 13*t**3 + 2*t + 1. Let c(n) = -2*n**2 - 28*n - 16. Let p be c(-13). Suppose i + 3*x = -p, -6*x = 3*i - 2*x + 15. Determine o(i).
-14
Let d(q) = 2*q + 1 - 1 - 6 + 3. Let w be d(4). Let o(u) be the first derivative of -u**2/2 + 6*u + 14. Calculate o(w).
1
Let c(k) be the third derivative of k**4/12 + 31*k**3/6 + 61*k**2. Calculate c(-16).
-1
Let v(b) = -4*b**3 - 7*b**2 + 7*b - 7. Let c(y) = 3*y**3 + 6*y**2 - 6*y + 6. Let m(p) = 6*c(p) + 5*v(p). Let r(w) = 3*w + 13. Let n be r(-4). Calculate m(n).
-1
Let o(g) = g**3 + g**2. Let m(l) be the first derivative of 7*l**4/2 + 4*l**3/3 - l + 33. Let r(j) = -m(j) + 3*o(j). Give r(1).
-11
Let t(u) be the first derivative of 11*u**4/12 + u**3/6 - 8*u + 12. Let h(r) be the first derivative of t(r). What is h(-1)?
10
Let h(w) = -3*w - 33. Let q(k) = 5*k + 50. Let l(a) = -8*h(a) -